-363 + 5931?
5579
In base 9, what is -1242 + -645?
-1887
In base 3, what is 21220 - -20121?
112111
In base 3, what is -1102102 + 122?
-1101210
In base 11, what is 13458 + 16?
13473
In base 4, what is 22110232 - -11?
22110303
In base 10, what is 2298 + -26?
2272
In base 14, what is 36b - 42a7?
-3d3a
In base 9, what is -47218 - -53?
-47155
In base 10, what is -2 + 61253?
61251
In base 13, what is 1114 + 5?
1119
In base 13, what is -1 + 6292?
6291
In base 4, what is -222332323 - -1?
-222332322
In base 7, what is 134302 - 6?
134263
In base 12, what is 587 + -358?
22b
In base 11, what is -106991 - -5?
-106987
In base 16, what is -295 - 95b?
-bf0
In base 7, what is -254103 - 1?
-254104
In base 9, what is -516752 + 24?
-516727
In base 12, what is 437a - -28?
43a6
In base 7, what is 2625025 + -3?
2625022
In base 6, what is -10 + -2134401?
-2134411
In base 11, what is -4 - 2154?
-2158
In base 12, what is 131266 + -4?
131262
In base 3, what is -120 - 10022100?
-10022220
In base 11, what is -36508 - -2a?
-36489
In base 10, what is 5553 + 10?
5563
In base 16, what is -b260 + -3?
-b263
In base 8, what is 1 + -27654?
-27653
In base 16, what is -3904 + -2?
-3906
In base 15, what is 6b3 + 6?
6b9
In base 2, what is -11100110 + -1101?
-11110011
In base 14, what is 4 - 2b61?
-2b5b
In base 3, what is 10200 + -102221210?
-102211010
In base 13, what is -2 - -57766?
57764
In base 12, what is 2611 - -1?
2612
In base 5, what is -3 + -44011343?
-44011401
In base 8, what is 134 + -4175?
-4041
In base 8, what is -162 + 30367?
30205
In base 8, what is -1452 - -2642?
1170
In base 5, what is 400 + -222041?
-221141
In base 13, what is 1483 - 1a1?
12b2
In base 10, what is 64381 - 21?
64360
In base 9, what is -112 - -536?
424
In base 9, what is -2073007 - -5?
-2073002
In base 2, what is -11 + 11101101001100?
11101101001001
In base 12, what is -16 + a24?
a0a
In base 15, what is -166d + 3?
-166a
In base 11, what is 815 + 1076?
1890
In base 6, what is -111 + 11541?
11430
In base 6, what is -114 + 244?
130
In base 3, what is -102112201212 + 11?
-102112201201
In base 8, what is 66113 - 23?
66070
In base 6, what is -2 + 142110?
142104
In base 2, what is -11000101001100100 - -11110?
-11000101001000110
In base 6, what is 140340 + -12?
140324
In base 4, what is -13 + 1130011?
1123332
In base 15, what is -1a - 19?
-34
In base 2, what is 10011001 - -110000101?
1000011110
In base 6, what is -151 - 324?
-515
In base 16, what is -1759 - -4b?
-170e
In base 7, what is 1244 - 3025?
-1451
In base 4, what is -132311 - -123302?
-3003
In base 9, what is -176 - 2046?
-2233
In base 15, what is 5 + -696e?
-6969
In base 5, what is 13 + 320124?
320142
In base 11, what is -a9a4 - -102?
-a8a2
In base 16, what is 21fb + 2?
21fd
In base 12, what is 2 + 1847?
1849
In base 4, what is -1000 + -11113?
-12113
In base 15, what is 2 + 11a5?
11a7
In base 2, what is -100101 + -100111000010?
-100111100111
In base 5, what is -10 + -10141132?
-10141142
In base 2, what is 1111010 + 10100101001111?
10100111001001
In base 6, what is -4 + 10303?
10255
In base 3, what is 120101202 - -10?
120101212
In base 2, what is -1000101100010000 - 101?
-1000101100010101
In base 4, what is 2113000031 + 0?
2113000031
In base 14, what is -13cc2 + -5?
-13cc7
In base 4, what is -3 - 213310102?
-213310111
In base 7, what is 13441152 + 4?
13441156
In base 15, what is dd386 - a?
dd37b
In base 9, what is -5116 + -11?
-5127
In base 7, what is 4016 - 1?
4015
In base 15, what is -134b77 - 1?
-134b78
In base 13, what is 126634 - -1?
126635
In base 9, what is -58670 + 5?
-58664
In base 6, what is 51341 - 23?
51314
In base 12, what is -284 + 2545?
2281
In base 3, what is -2 - 1112002101?
-1112002110
In base 12, what is -40a19 - 1b?
-40a38
In base 3, what is -200202 - 1002221?
-1210200
In base 4, what is 1012 - 11233?
-10221
In base 2, what is -101 + -1110101100?
-1110110001
In base 2, what is -101 - 10001101101110101101?
-10001101101110110010
In base 14, what is -10 + 200b?
1ddb
In base 5, what is -4142413 - 4?
-4142422
In base 9, what is 87056 + -1?
87055
In base 7, what is -420 - -2045?
1325
In base 14, what is 3693c4 - -4?
3693c8
In base 3, what is 20 + -10101222010?
-10101221220
In base 11, what is -36269 - -4?
-36265
In base 16, what is 100 + -1997?
-1897
In base 8, what is 540 + -12117?
-11357
In base 12, what is 10 - -812?
822
In base 6, what is -1412023 + -3?
-1412030
In base 16, what is -6 + -21d2?
-21d8
In base 4, what is 10 + -1322320?
-1322310
In base 15, what is -5 + 8788?
8783
In base 7, what is -20 + 13102?
13052
In base 9, what is -123 - 68362?
-68485
In base 3, what is 2202122 - 12?
2202110
In base 6, what is -224 + 554404?
554140
In base 15, what is 10b32e - 4?
10b32a
In base 9, what is 254 + 7206?
7461
In base 11, what is 3 - -2aa5?
2aa8
In base 10, what is -3 - -115968?
115965
In base 4, what is -222 - -20102112?
20101230
In base 10, what is 3034 - -2774?
5808
In base 12, what is 124 + -199?
-75
In base 11, what is -108a50 - 5?
-108a55
In base 14, what is c1a2 - -12?
c1b4
In base 6, what is 2 - -21544?
21550
In base 4, what is 10222332132 - 11?
10222332121
In base 3, what is -1221022122 - 1002?
-1221100201
In base 15, what is 33eb - 3?
33e8
In base 12, what is 0 + b758?
b758
In base 15, what is -3a9c + 4?
-3a98
In base 12, what is 2b6 - -527?
821
In base 12, what is -39 + 1259?
1220
In base 13, what is b7 + 7b?
165
In base 3, what is -122 - -2002120?
2001221
In base 2, what is 100110010111111 + 10000?
100110011001111
In base 8, what is -166573 - 1?
-166574
In base 9, what is -167 + 5814?
5636
In base 11, what is -281857 + 0?
-281857
In base 6, what is 0 - -332240?
332240
In base 13, what is 37075 + -1?
37074
In base 11, what is -19033 - -7?
-19027
In base 7, what is 2354 - -4224?
6611
In base 12, what is 1 + 5189?
518a
In base 14, what is -3 + -3bbc2?
-3bbc5
In base 5, what is 10 + -32001?
-31441
In base 5, what is 121204322 - 0?
121204322
In base 14, what is -3a - -38349?
3830d
In base 8, what is -2245254 + -3?
-2245257
In base 5, what is 4 + -13300230?
-13300221
In base 10, what is 587 - -70?
657
In base 16, what is 2 - e59d?
-e59b
In base 3, what is 100012012 - -12?
100012101
In base 8, what is -36661 + 6?
-36653
In base 14, what is 26 + -74?
-4c
In base 10, what is -255 + 218?
-37
In base 9, what is 1472 - -33?
1515
In base 12, what is 3038 + -2?
3036
In base 11, what is 0 - -1a208?
1a208
In base 6, what is -30021 + -1114?
-31135
In base 9, what is 4751 + 36?
4787
In base 5, what is -33020 - -23?
-32442
In base 10, what is 9713 - 1?
9712
In base 8, what is 11 - -107773?
110004
In base 5, what is 2223 - 33?
2140
In base 3, what is -11220210122 - -21?
-11220210101
In base 8, what is -3242 + -13?
-3255
In base 3, what is 102211011211 - 0?
102211011211
In base 11, what is -31 - -1101?
1080
In base 15, what is e - -e66c?
e67b
In base 7, what is 36 + -1334?
-1265
In base 14, what is 43 - -2a3a?
2a7d
In base 2, what is -1111101110 - 1010101?
-10001000011
In base 11, what is 4 - 4883a?
-48836
In base 10, what is -2179 - 8?
-2187
In base 9, what is -85427 - -1?
-85426
In base 16, what is -544 + -6?
-54a
In base 14, what is -d + -563?
-572
In base 9, what is 177 + -5286?
-5108
In base 5, what is -101 + 41133?
41032
In base 5, what is -113140430 + -3?
-113140433
In base 15, what is 0 - 2546b?
-2546b
In base 10, what is 8 + -239689?
-239681
In base 9, what is -2 - 21561?
-21563
In base 6, what is 25100 + 10?
25110
In base 16, what is -1399 + -6?
-139f
In base 14, what is -267a + -39?
-26b5
In base 4, what is -21 + -11233212?
-11233233
In base 15, what is -31 + -6c?
-9d
In base 5, what is -303000 - -3?
-302442
In base 10, what is 0 + -9882?
-9882
In base 10, what is -42 + -4505?
-4547
In base 12, what is -1 - 8b00a?
-8b00b
In base 15, what is 10 + 6d1d6?
6d1e6
In base 9, what is -8 + 33534?
33525
In base 12, what is 4a9 - -27?
514
In base 10, what is 7 + -5604?
-5597
In base 2, what is 100 + -11010000111110001?
-11010000111101101
In base 4, what is 100 - 1023321?
-1023221
In base 13, what is -78 + -b5aa?
-b655
In base 2, what is -10010110011000 + -100?
-10010110011100
In base 15, what is -4 - caae?
-cab3
In base 9, what is -60 - 7835?
-8005
In base 3, what is 202 + 110122?
111101
In base 15, what is 7841d + -3?
7841a
In base 4, what 